{"id":64,"date":"2024-10-18T16:15:32","date_gmt":"2024-10-18T16:15:32","guid":{"rendered":"https:\/\/www.test.artkeymedia.com\/?page_id=64"},"modified":"2025-01-26T10:31:09","modified_gmt":"2025-01-26T10:31:09","slug":"merkmale","status":"publish","type":"page","link":"https:\/\/www.alasso.ch\/index.php\/merkmale\/","title":{"rendered":"Merkmale"},"content":{"rendered":"\n<div class=\"wp-block-columns banner fade-in is-layout-flex wp-container-core-columns-is-layout-9d6595d7 wp-block-columns-is-layout-flex\">\n<div class=\"wp-block-column is-layout-flow wp-block-column-is-layout-flow\">\n<h1 class=\"wp-block-heading\">Funktionen<\/h1>\n\n\n\n<p>Die zahlreichen Funktionen unterst\u00fctzen Sie dabei, Ihre Ziele zu erreichen<\/p>\n<\/div>\n\n\n\n<div class=\"wp-block-column is-layout-flow wp-block-column-is-layout-flow\"><div class=\"wp-block-image\">\n<figure class=\"alignright size-full\"><img loading=\"lazy\" decoding=\"async\" width=\"455\" height=\"330\" src=\"http:\/\/www.alasso.ch\/wp-content\/uploads\/2025\/01\/features.webp\" alt=\"\" class=\"wp-image-553\" srcset=\"https:\/\/www.alasso.ch\/wp-content\/uploads\/2025\/01\/features.webp 455w, https:\/\/www.alasso.ch\/wp-content\/uploads\/2025\/01\/features-300x218.webp 300w\" sizes=\"auto, (max-width: 455px) 100vw, 455px\" \/><\/figure>\n<\/div><\/div>\n<\/div>\n\n\n\n<div class=\"wp-block-columns split-content is-layout-flex wp-container-core-columns-is-layout-9d6595d7 wp-block-columns-is-layout-flex\">\n<div class=\"wp-block-column is-layout-flow wp-block-column-is-layout-flow\">\n<figure class=\"wp-block-image size-full fade-in-right\"><img loading=\"lazy\" decoding=\"async\" width=\"586\" height=\"264\" src=\"http:\/\/www.alasso.ch\/wp-content\/uploads\/2025\/01\/alumni-suite-17.webp\" alt=\"\" class=\"wp-image-555\" srcset=\"https:\/\/www.alasso.ch\/wp-content\/uploads\/2025\/01\/alumni-suite-17.webp 586w, https:\/\/www.alasso.ch\/wp-content\/uploads\/2025\/01\/alumni-suite-17-300x135.webp 300w\" sizes=\"auto, (max-width: 586px) 100vw, 586px\" \/><\/figure>\n<\/div>\n\n\n\n<div class=\"wp-block-column is-layout-flow wp-block-column-is-layout-flow\">\n<h2 class=\"wp-block-heading\">Social Media Frontend<\/h2>\n\n\n\n<p>Das Mitglieder-Frontend ist die Drehscheibe f\u00fcr die Kommunikation zwischen dem Verband und seinen Mitgliedern sowie zwischen den Mitgliedern untereinander. Jedes Mitglied eines Verbandes, eines Vereins oder einer politischen Partei, aber auch einer gemeinn\u00fctzigen Organisation, kann sich in seinem eigenen Mitgliederprofil so pr\u00e4sentieren, wie es m\u00f6chte, mit spezifischen Privatsph\u00e4re-Einstellungen. Das Mitglieder-Frontend kann auf jedem Ger\u00e4t genutzt werden &#8211; vom Desktop \u00fcber das Tablet bis zum Handy. Mitglieder k\u00f6nnen unter anderem ihr Profil bearbeiten, eigene Beitr\u00e4ge oder Fotos ver\u00f6ffentlichen, sich f\u00fcr Veranstaltungen anmelden, Teilnehmerlisten f\u00fcr Veranstaltungen einsehen, den Mitgliedsbeitrag oder Veranstaltungsgeb\u00fchren bezahlen, Publikationen des Vereins bestellen oder abbestellen, oder andere Mitglieder oder die Gesch\u00e4ftsstelle kontaktieren.<\/p>\n<\/div>\n<\/div>\n\n\n\n<div class=\"wp-block-columns split-content is-layout-flex wp-container-core-columns-is-layout-9d6595d7 wp-block-columns-is-layout-flex\">\n<div class=\"wp-block-column order-2-mobile is-layout-flow wp-block-column-is-layout-flow\">\n<h2 class=\"wp-block-heading\">Community Daten<\/h2>\n\n\n\n<p>Community-Daten sind entscheidend f\u00fcr die Aufrechterhaltung eines aktiven und engagierten Netzwerks. Alasso bietet Ihnen die vollst\u00e4ndige Kontrolle \u00fcber Ihre Community-Daten und erm\u00f6glicht Ihnen die m\u00fchelose Verwaltung und Aktualisierung von Nutzerprofilen, die Verfolgung von Nutzeraktivit\u00e4ten und die Weitergabe wichtiger Nachrichten und Updates an Ihre Community.<\/p>\n<\/div>\n\n\n\n<div class=\"wp-block-column order-1-mobile is-layout-flow wp-block-column-is-layout-flow\">\n<figure class=\"wp-block-image size-full fade-in-left\"><img loading=\"lazy\" decoding=\"async\" width=\"586\" height=\"264\" src=\"http:\/\/www.alasso.ch\/wp-content\/uploads\/2025\/01\/alumni-suite-1.webp\" alt=\"\" class=\"wp-image-557\" srcset=\"https:\/\/www.alasso.ch\/wp-content\/uploads\/2025\/01\/alumni-suite-1.webp 586w, https:\/\/www.alasso.ch\/wp-content\/uploads\/2025\/01\/alumni-suite-1-300x135.webp 300w\" sizes=\"auto, (max-width: 586px) 100vw, 586px\" \/><\/figure>\n<\/div>\n<\/div>\n\n\n\n<div class=\"wp-block-columns split-content is-layout-flex wp-container-core-columns-is-layout-9d6595d7 wp-block-columns-is-layout-flex\">\n<div class=\"wp-block-column is-layout-flow wp-block-column-is-layout-flow\">\n<figure class=\"wp-block-image size-full is-resized fade-in-right\"><img loading=\"lazy\" decoding=\"async\" width=\"586\" height=\"264\" src=\"http:\/\/www.alasso.ch\/wp-content\/uploads\/2025\/01\/alumni-suite-5.webp\" alt=\"\" class=\"wp-image-559\" style=\"width:416px;height:auto\" srcset=\"https:\/\/www.alasso.ch\/wp-content\/uploads\/2025\/01\/alumni-suite-5.webp 586w, https:\/\/www.alasso.ch\/wp-content\/uploads\/2025\/01\/alumni-suite-5-300x135.webp 300w\" sizes=\"auto, (max-width: 586px) 100vw, 586px\" \/><\/figure>\n<\/div>\n\n\n\n<div class=\"wp-block-column is-layout-flow wp-block-column-is-layout-flow\">\n<h2 class=\"wp-block-heading\">Job Plattform<\/h2>\n\n\n\n<p>Jobangebote zu finden, kann eine Herausforderung sein &#8211; genauso wie das Besetzen anspruchsvoller Positionen. Mit Alasso k\u00f6nnen Sie auf einfache Weise neue Stellenangebote ver\u00f6ffentlichen und Ihren Mitgliedern helfen, ihren n\u00e4chsten Karriereschritt zu machen. Unsere Funktion f\u00fcr Stellenangebote bietet Arbeitgebern einen eigenen Bereich, in dem sie ihre neuen Stellenangebote ver\u00f6ffentlichen k\u00f6nnen, auf die sich die Mitglieder direkt bewerben k\u00f6nnen. Sie k\u00f6nnen Stellenanzeigen einfach verwalten, Bewerberinformationen verfolgen und Ihren Mitgliedern berufsbezogene Neuigkeiten und Updates mitteilen.<br>Arbeitgeber wissen, dass die auf Alasso ausgeschriebenen Jobs vor allem von denjenigen potenziellen Kandidaten gelesen werden, die auch \u00fcber einen entsprechenden Ausbildungshintergrund verf\u00fcgen. Und deshalb wissen Jobsuchende, dass Stellenangebote auf Alasso besonders gut auf sie zugeschnitten sind.<\/p>\n\n\n\n<p><\/p>\n<\/div>\n<\/div>\n\n\n\n<div class=\"wp-block-columns split-content is-layout-flex wp-container-core-columns-is-layout-9d6595d7 wp-block-columns-is-layout-flex\">\n<div class=\"wp-block-column order-2-mobile is-layout-flow wp-block-column-is-layout-flow\">\n<h2 class=\"wp-block-heading\">Gruppen<\/h2>\n\n\n\n<p>Gruppen sind ein wesentlicher Bestandteil jeder lebendigen Community. Sie bieten den Mitgliedern die M\u00f6glichkeit, sich zu vernetzen, Informationen auszutauschen und gemeinsam an Projekten zu arbeiten. Mit Alasso k\u00f6nnen Sie sehr einfach Gruppen erstellen und verwalten, damit Ihre Mitglieder engagiert und verbunden bleiben.<\/p>\n<\/div>\n\n\n\n<div class=\"wp-block-column order-1-mobile is-layout-flow wp-block-column-is-layout-flow\">\n<figure class=\"wp-block-image size-full is-resized fade-in-left\"><img loading=\"lazy\" decoding=\"async\" width=\"586\" height=\"264\" src=\"http:\/\/www.alasso.ch\/wp-content\/uploads\/2025\/01\/alumni-suite-4.webp\" alt=\"\" class=\"wp-image-561\" style=\"width:416px;height:auto\" srcset=\"https:\/\/www.alasso.ch\/wp-content\/uploads\/2025\/01\/alumni-suite-4.webp 586w, https:\/\/www.alasso.ch\/wp-content\/uploads\/2025\/01\/alumni-suite-4-300x135.webp 300w\" sizes=\"auto, (max-width: 586px) 100vw, 586px\" \/><\/figure>\n<\/div>\n<\/div>\n\n\n\n<div class=\"wp-block-columns split-content is-layout-flex wp-container-core-columns-is-layout-9d6595d7 wp-block-columns-is-layout-flex\">\n<div class=\"wp-block-column is-layout-flow wp-block-column-is-layout-flow\">\n<figure class=\"wp-block-image size-full is-resized fade-in-right\"><img loading=\"lazy\" decoding=\"async\" width=\"586\" height=\"264\" src=\"http:\/\/www.alasso.ch\/wp-content\/uploads\/2025\/01\/alumni-suite-3.webp\" alt=\"\" class=\"wp-image-563\" style=\"width:416px;height:auto\" srcset=\"https:\/\/www.alasso.ch\/wp-content\/uploads\/2025\/01\/alumni-suite-3.webp 586w, https:\/\/www.alasso.ch\/wp-content\/uploads\/2025\/01\/alumni-suite-3-300x135.webp 300w\" sizes=\"auto, (max-width: 586px) 100vw, 586px\" \/><\/figure>\n<\/div>\n\n\n\n<div class=\"wp-block-column is-layout-flow wp-block-column-is-layout-flow\">\n<h2 class=\"wp-block-heading\">Kommunikation mit Ihren Mitgliedern<\/h2>\n\n\n\n<p>Alasso bietet seinen Mitgliedern die M\u00f6glichkeit, \u00fcber eine Vielzahl von Kan\u00e4len zu kommunizieren &#8211; einschlie\u00dflich E-Mail, Chat und Newsletter. Unsere E-Mail-Funktion erm\u00f6glicht es Ihnen, gezielte Nachrichten an bestimmte Gruppen von Mitgliedern zu senden. Es k\u00f6nnen Mailing-Vorlagen f\u00fcr verschiedene Arten von Mailings erstellt werden. Es k\u00f6nnen Anh\u00e4nge und Links versendet werden. Zahlreiche Ma\u00dfnahmen sorgen daf\u00fcr, dass die Mitglieder ihrer Vereinigung trotz Massenmailings nicht auf Spam-Listen auftauchen. Unsere eingebaute Chat-Funktion bietet den Mitgliedern eine bequeme M\u00f6glichkeit, miteinander in Kontakt zu treten und Informationen auszutauschen, w\u00e4hrend der Newsletter Ihre Community \u00fcber die neuesten Nachrichten und Ereignisse auf dem Laufenden h\u00e4lt.<\/p>\n<\/div>\n<\/div>\n\n\n\n<div class=\"wp-block-columns split-content is-layout-flex wp-container-core-columns-is-layout-9d6595d7 wp-block-columns-is-layout-flex\">\n<div class=\"wp-block-column order-2-mobile is-layout-flow wp-block-column-is-layout-flow\">\n<h2 class=\"wp-block-heading\">Event Management<\/h2>\n\n\n\n<p>Veranstaltungen aller Art wie Vortr\u00e4ge, Seminare, Kongresse, Exkursionen, Kulturreisen etc. k\u00f6nnen beworben und verwaltet werden. Publizierte Veranstaltungen werden im Veranstaltungskalender angezeigt. Der Zugang zu den Veranstaltungen kann individuell eingestellt werden (\u00f6ffentlich, nur f\u00fcr Mitglieder, nur f\u00fcr bestimmte Mitgliedergruppen, etc.) Es k\u00f6nnen G\u00e4ste angemeldet oder Verpflegungsw\u00fcnsche ausgew\u00e4hlt werden. Es gibt Teilnehmer- und Wartelisten, jeweils individuell konfigurierbar, und vieles mehr. Je nach Bedarf der Vereinigung k\u00f6nnen Veranstaltungen von der Gesch\u00e4ftsstelle, von den Verantwortlichen der Ortsgruppen oder von Mitgliedern ver\u00f6ffentlicht und verwaltet werden.<\/p>\n<\/div>\n\n\n\n<div class=\"wp-block-column order-1-mobile is-layout-flow wp-block-column-is-layout-flow\">\n<figure class=\"wp-block-image size-full is-resized fade-in-left\"><img loading=\"lazy\" decoding=\"async\" width=\"586\" height=\"264\" src=\"http:\/\/www.alasso.ch\/wp-content\/uploads\/2025\/01\/alumni-suite-2.webp\" alt=\"\" class=\"wp-image-565\" style=\"width:416px;height:auto\" srcset=\"https:\/\/www.alasso.ch\/wp-content\/uploads\/2025\/01\/alumni-suite-2.webp 586w, https:\/\/www.alasso.ch\/wp-content\/uploads\/2025\/01\/alumni-suite-2-300x135.webp 300w\" sizes=\"auto, (max-width: 586px) 100vw, 586px\" \/><\/figure>\n<\/div>\n<\/div>\n\n\n\n<div class=\"wp-block-columns split-content is-layout-flex wp-container-core-columns-is-layout-9d6595d7 wp-block-columns-is-layout-flex\">\n<div class=\"wp-block-column is-layout-flow wp-block-column-is-layout-flow\">\n<figure class=\"wp-block-image size-full is-resized fade-in-right\"><img loading=\"lazy\" decoding=\"async\" width=\"586\" height=\"264\" src=\"http:\/\/www.alasso.ch\/wp-content\/uploads\/2025\/01\/alumni-suite-6.webp\" alt=\"\" class=\"wp-image-569\" style=\"width:416px;height:auto\" srcset=\"https:\/\/www.alasso.ch\/wp-content\/uploads\/2025\/01\/alumni-suite-6.webp 586w, https:\/\/www.alasso.ch\/wp-content\/uploads\/2025\/01\/alumni-suite-6-300x135.webp 300w\" sizes=\"auto, (max-width: 586px) 100vw, 586px\" \/><\/figure>\n<\/div>\n\n\n\n<div class=\"wp-block-column is-layout-flow wp-block-column-is-layout-flow\">\n<h2 class=\"wp-block-heading\">Mitglieder Management<\/h2>\n\n\n\n<p>Sie k\u00f6nnen die Struktur Ihrer Mitgliedschaften, Spenden und Leistungen einfach verwalten und so sicherstellen, dass Ihre Gemeinschaft Zugang zu denjenigen Ressourcen und derjenigen Unterst\u00fctzung hat, die sie f\u00fcr ihre Entwicklung ben\u00f6tigt. Mit unserer benutzerfreundlichen Oberfl\u00e4che k\u00f6nnen Sie Mitgliedschaftspl\u00e4ne erstellen und verwalten, wiederkehrende Spenden einrichten und Mitgliederinformationen und<br>-pr\u00e4ferenzen verfolgen. Dar\u00fcber hinaus bietet unsere einzigartige Shop-Funktion eine bequeme M\u00f6glichkeit, Waren und Abonnements zu verkaufen, wodurch Sie Einnahmen erzielen und gleichzeitig Ihre Gemeinschaft unterst\u00fctzen k\u00f6nnen.<\/p>\n<\/div>\n<\/div>\n\n\n\n<div class=\"wp-block-columns split-content is-layout-flex wp-container-core-columns-is-layout-9d6595d7 wp-block-columns-is-layout-flex\">\n<div class=\"wp-block-column order-2-mobile is-layout-flow wp-block-column-is-layout-flow\">\n<h2 class=\"wp-block-heading\">Mentoring und Coaching<\/h2>\n\n\n\n<p>Mentoring und Coaching k\u00f6nnen ein leistungsf\u00e4higes Instrument f\u00fcr pers\u00f6nliches und berufliches Wachstum sein, das den Mitgliedern der Gemeinschaft die M\u00f6glichkeit bietet, von erfahrenen Mentoren und Coaches in ihrer Gemeinschaft zu lernen. Alasso unterst\u00fctzt den gesamten Mentoring- oder Coaching-Prozess, von der Registrierung von Mentoren und Mentees bzw. Coaches und Coachees, dem ausgekl\u00fcgelten Matching zur Bildung geeigneter Paare, der Unterst\u00fctzung w\u00e4hrend eines Mentoring- oder Coaching-Zyklus durch Meilensteine, der M\u00f6glichkeit des elektronischen Datenaustauschs, z.B. f\u00fcr das Einsenden von Berichten, usw. Der gesamte Mentoring- oder Coaching-Zyklus kann online abgewickelt werden.<\/p>\n<\/div>\n\n\n\n<div class=\"wp-block-column order-1-mobile is-layout-flow wp-block-column-is-layout-flow\">\n<figure class=\"wp-block-image size-full is-resized fade-in-left\"><img loading=\"lazy\" decoding=\"async\" width=\"586\" height=\"264\" src=\"http:\/\/www.alasso.ch\/wp-content\/uploads\/2025\/01\/alumni-suite-7.webp\" alt=\"\" class=\"wp-image-571\" style=\"width:416px;height:auto\" srcset=\"https:\/\/www.alasso.ch\/wp-content\/uploads\/2025\/01\/alumni-suite-7.webp 586w, https:\/\/www.alasso.ch\/wp-content\/uploads\/2025\/01\/alumni-suite-7-300x135.webp 300w\" sizes=\"auto, (max-width: 586px) 100vw, 586px\" \/><\/figure>\n<\/div>\n<\/div>\n\n\n\n<div class=\"wp-block-columns split-content is-layout-flex wp-container-core-columns-is-layout-9d6595d7 wp-block-columns-is-layout-flex\">\n<div class=\"wp-block-column is-layout-flow wp-block-column-is-layout-flow\">\n<figure class=\"wp-block-image size-full is-resized fade-in-right\"><img loading=\"lazy\" decoding=\"async\" width=\"586\" height=\"264\" src=\"http:\/\/www.alasso.ch\/wp-content\/uploads\/2025\/01\/alumni-suite-18.webp\" alt=\"\" class=\"wp-image-573\" style=\"width:416px;height:auto\" srcset=\"https:\/\/www.alasso.ch\/wp-content\/uploads\/2025\/01\/alumni-suite-18.webp 586w, https:\/\/www.alasso.ch\/wp-content\/uploads\/2025\/01\/alumni-suite-18-300x135.webp 300w\" sizes=\"auto, (max-width: 586px) 100vw, 586px\" \/><\/figure>\n<\/div>\n\n\n\n<div class=\"wp-block-column is-layout-flow wp-block-column-is-layout-flow\">\n<h2 class=\"wp-block-heading\">Rechnungsstellung<\/h2>\n\n\n\n<p>Das Buchhaltungssystem wurde f\u00fcr maximale Effizienz entwickelt. Rechnungen k\u00f6nnen automatisch nach verschiedenen Kriterien erstellt und online oder physisch versandt werden. Bei Bedarf k\u00f6nnen die Rechnungen auch einzeln erstellt werden. Zahlungen k\u00f6nnen per Kreditkarte oder Bank\u00fcberweisung get\u00e4tigt werden und werden elektronisch importiert. Mahnungen werden automatisch nach bestimmten Kriterien verschickt. Rechnungen sind mit einem QR-Code versehen, Retouren k\u00f6nnen gescannt und in der Datenbank markiert werden. Schnittstellen zu Finanzinstituten erm\u00f6glichen einen elektronischen Datenaustausch.<\/p>\n<\/div>\n<\/div>\n\n\n\n<div class=\"wp-block-columns split-content is-layout-flex wp-container-core-columns-is-layout-9d6595d7 wp-block-columns-is-layout-flex\">\n<div class=\"wp-block-column order-2-mobile is-layout-flow wp-block-column-is-layout-flow\">\n<h2 class=\"wp-block-heading\">Reservierter Bereich f\u00fcr lokale Vorst\u00e4nde von Gruppen bzw. Unterabteilungen<\/h2>\n\n\n\n<p>Die lokalen Vorst\u00e4nde von Sektionen, Fachgruppen oder Ortsgruppen verf\u00fcgen \u00fcber erweiterte Funktionen in ihrem Frontend. Je nach Vorgaben der Vereinigung k\u00f6nnen diese Ortsgruppen eigene Mitgliedergruppen verwalten, Veranstaltungen ver\u00f6ffentlichen, Mitglieder aufnehmen und vieles mehr.<\/p>\n<\/div>\n\n\n\n<div class=\"wp-block-column order-1-mobile is-layout-flow wp-block-column-is-layout-flow\">\n<figure class=\"wp-block-image size-full is-resized fade-in-left\"><img loading=\"lazy\" decoding=\"async\" width=\"586\" height=\"264\" src=\"http:\/\/www.alasso.ch\/wp-content\/uploads\/2025\/01\/alumni-suite-20.webp\" alt=\"\" class=\"wp-image-575\" style=\"width:416px;height:auto\" srcset=\"https:\/\/www.alasso.ch\/wp-content\/uploads\/2025\/01\/alumni-suite-20.webp 586w, https:\/\/www.alasso.ch\/wp-content\/uploads\/2025\/01\/alumni-suite-20-300x135.webp 300w\" sizes=\"auto, (max-width: 586px) 100vw, 586px\" \/><\/figure>\n<\/div>\n<\/div>\n\n\n\n<div class=\"wp-block-columns split-content is-layout-flex wp-container-core-columns-is-layout-9d6595d7 wp-block-columns-is-layout-flex\">\n<div class=\"wp-block-column is-layout-flow wp-block-column-is-layout-flow\">\n<figure class=\"wp-block-image size-full is-resized fade-in-right\"><img loading=\"lazy\" decoding=\"async\" width=\"586\" height=\"264\" src=\"http:\/\/www.alasso.ch\/wp-content\/uploads\/2025\/01\/alumni-suite-21.webp\" alt=\"\" class=\"wp-image-577\" style=\"width:416px;height:auto\" srcset=\"https:\/\/www.alasso.ch\/wp-content\/uploads\/2025\/01\/alumni-suite-21.webp 586w, https:\/\/www.alasso.ch\/wp-content\/uploads\/2025\/01\/alumni-suite-21-300x135.webp 300w\" sizes=\"auto, (max-width: 586px) 100vw, 586px\" \/><\/figure>\n<\/div>\n\n\n\n<div class=\"wp-block-column is-layout-flow wp-block-column-is-layout-flow\">\n<h2 class=\"wp-block-heading\">E-Mail Service<\/h2>\n\n\n\n<p>Mit Alasso kann jedem Mitglied einer Vereinigung eine eigene E-Mail-Adresse mit der Domain der Vereinigung zugewiesen werden. Jede dieser<br>E-Mail-Adressen kann ein vollwertiges Postfach zum Empfang und Versand von E-Mails zugewiesen werden. Die Gr\u00f6\u00dfe der Mailboxen kann beliebig erweitert werden. Diese Mailboxen werden auf unseren eigenen Servern in der Schweiz gehostet &#8211; maximale Mailsicherheit f\u00fcr Ihre Organisation und deren Mitglieder.<\/p>\n<\/div>\n<\/div>\n\n\n\n<div class=\"wp-block-columns split-content is-layout-flex wp-container-core-columns-is-layout-9d6595d7 wp-block-columns-is-layout-flex\">\n<div class=\"wp-block-column order-2-mobile is-layout-flow wp-block-column-is-layout-flow\">\n<h2 class=\"wp-block-heading\">Dokumentenablage \/ Cloud Funktionen<\/h2>\n\n\n\n<p>Die Cloud-Funktion bietet umfangreiche M\u00f6glichkeiten zur Verwaltung und zum Austausch von Dokumenten. Diese k\u00f6nnen vom Verein selbst oder seinen Untergruppen &#8211; zum Beispiel den Vorst\u00e4nden von Ortsverb\u00e4nden oder Fach- und Ortsgruppen &#8211; genutzt werden. Aber auch einzelne Mitglieder k\u00f6nnen diese Funktionen f\u00fcr ihren privaten Zwecke nutzen. Die Speicherkapazit\u00e4t kann je nach individuellem Bedarf erweitert werden. Die Datenspeicherung erfolgt auf unseren eigenen Servern in der Schweiz &#8211; maximale Datensicherheit f\u00fcr Ihre Organisation und deren Mitglieder.<\/p>\n<\/div>\n\n\n\n<div class=\"wp-block-column order-1-mobile is-layout-flow wp-block-column-is-layout-flow\">\n<figure class=\"wp-block-image size-full is-resized fade-in-left\"><img loading=\"lazy\" decoding=\"async\" width=\"586\" height=\"264\" src=\"http:\/\/www.alasso.ch\/wp-content\/uploads\/2025\/01\/alumni-suite-23.webp\" alt=\"\" class=\"wp-image-579\" style=\"width:416px;height:auto\" srcset=\"https:\/\/www.alasso.ch\/wp-content\/uploads\/2025\/01\/alumni-suite-23.webp 586w, https:\/\/www.alasso.ch\/wp-content\/uploads\/2025\/01\/alumni-suite-23-300x135.webp 300w\" sizes=\"auto, (max-width: 586px) 100vw, 586px\" \/><\/figure>\n<\/div>\n<\/div>\n","protected":false},"excerpt":{"rendered":"<p>Funktionen Die zahlreichen Funktionen unterst\u00fctzen Sie dabei, Ihre Ziele zu erreichen Social Media Frontend Das Mitglieder-Frontend ist die Drehscheibe f\u00fcr die Kommunikation zwischen dem Verband und seinen Mitgliedern sowie zwischen den Mitgliedern untereinander. Jedes Mitglied eines Verbandes, eines Vereins oder einer politischen Partei, aber auch einer gemeinn\u00fctzigen Organisation, kann sich in seinem eigenen Mitgliederprofil so [&hellip;]<\/p>\n","protected":false},"author":2,"featured_media":0,"parent":0,"menu_order":0,"comment_status":"closed","ping_status":"closed","template":"","meta":{"footnotes":""},"class_list":["post-64","page","type-page","status-publish","hentry"],"_links":{"self":[{"href":"https:\/\/www.alasso.ch\/index.php\/wp-json\/wp\/v2\/pages\/64","targetHints":{"allow":["GET"]}}],"collection":[{"href":"https:\/\/www.alasso.ch\/index.php\/wp-json\/wp\/v2\/pages"}],"about":[{"href":"https:\/\/www.alasso.ch\/index.php\/wp-json\/wp\/v2\/types\/page"}],"author":[{"embeddable":true,"href":"https:\/\/www.alasso.ch\/index.php\/wp-json\/wp\/v2\/users\/2"}],"replies":[{"embeddable":true,"href":"https:\/\/www.alasso.ch\/index.php\/wp-json\/wp\/v2\/comments?post=64"}],"version-history":[{"count":16,"href":"https:\/\/www.alasso.ch\/index.php\/wp-json\/wp\/v2\/pages\/64\/revisions"}],"predecessor-version":[{"id":719,"href":"https:\/\/www.alasso.ch\/index.php\/wp-json\/wp\/v2\/pages\/64\/revisions\/719"}],"wp:attachment":[{"href":"https:\/\/www.alasso.ch\/index.php\/wp-json\/wp\/v2\/media?parent=64"}],"curies":[{"name":"wp","href":"https:\/\/api.w.org\/{rel}","templated":true}]}}